15.
-230c36
8b7291 (base 13) to base 5
1321102400
What is -442123433 (base 5) in base 6?
-104543434
Convert 133012010 (base 4) to base 12.
61858
221433532 (base 7) to base 15
129177a
What is -1249a6 (base 12) in base 16?
-48e8e
What is -10100022222222 (base 3) in base 12?
-718b52
-1003101131 (base 4) to base 13
-98561
24060150 (base 8) to base 3
100220121201211
What is 517c (base 16) in base 2?
101000101111100
What is 21416245 (base 7) in base 10?
1836553
What is -32311133003 (base 4) in base 3?
-21022120211102
-56509 (base 12) to base 11
-79263
Convert -101012002112 (base 3) to base 10.
-200543
Convert b8a54 (base 14) to base 3.
211200120100
What is 184d03 (base 15) in base 12?
48b403
-38c3bb (base 14) to base 4
-13131022301
-38899 (base 16) to base 5
-24402302
What is 33501 (base 14) in base 16?
1e62d
Convert 14344223 (base 6) to base 2.
1111001000110010111
What is -410420302 (base 5) in base 6?
-55243300
What is 7acd42 (base 15) in base 7?
100566116
Convert 531034331 (base 6) to base 14.
133b503
1330303100 (base 4) to base 8
1746320
What is -103001302 (base 4) in base 14?
-20590
Convert b239ba (base 14) to base 9.
12258572
63924 (base 15) to base 12
1329ba
What is 222243121 (base 5) in base 11?
6087a0
What is -220011012 (base 3) in base 7?
-102224
What is 14323132 (base 5) in base 6?
3130055
What is -32302200 (base 5) in base 3?
-111222122022
Convert 14011210 (base 5) to base 14.
39782
What is -258085 (base 13) in base 10?
-903076
c272 (base 16) to base 4
30021302
312ba1 (base 12) to base 3
1110020112011
Convert -102222023 (base 4) to base 6.
-1345455
What is -304020450 (base 6) in base 4?
-103330123032
-11020221022110 (base 3) to base 15
-2ea4b0
-842384 (base 11) to base 13
-383690
Convert -130155 (base 10) to base 9.
-217476
What is -24d22 (base 16) in base 11?
-a3348
What is -3642732 (base 8) in base 14?
-1c0aa6
1113322030 (base 4) to base 3
200021221011
-30b6e7 (base 15) to base 6
-121354001
Convert -53331 (base 6) to base 10.
-7255
1652566 (base 7) to base 6
4543351
43bd (base 15) to base 7
56563
What is -116253 (base 7) in base 14?
-7b2a
What is -60063 (base 11) in base 16?
-1576b
Convert 9a941 (base 13) to base 14.
74385
131320 (base 13) to base 2
1110000001110111010
201254133 (base 6) to base 3
20110012111010
Convert -1257755 (base 9) to base 12.
-292228
Convert 3130a7 (base 11) to base 14.
d0ca4
-be6 (base 15) to base 5
-41231
What is 14006232 (base 8) in base 9?
5828487
5145440 (base 6) to base 4
330123000
11010101100011101 (base 2) to base 16
1ab1d
Convert 1040443 (base 7) to base 5.
13034410
Convert -24441411 (base 5) to base 9.
-385858
What is -125041662 (base 7) in base 4?
-132203222301
-520421 (base 9) to base 13
-aa68c
What is -89a776 (base 11) in base 13?
-3b2b8a
35459a (base 13) to base 12
510a90
220211020002 (base 3) to base 8
1672222
Convert 2442144 (base 5) to base 6.
555301
Convert -117752 (base 15) to base 14.
-17a589
What is 243262 (base 8) in base 4?
110122302
What is -10021400 (base 6) in base 5?
-33023023
16738 (base 13) to base 3
2011221121
What is 1210011022120 (base 3) in base 7?
11025435
What is 126124 (base 9) in base 2?
10010101101101000
48a59 (base 12) to base 6
2034553
-66978 (base 13) to base 14
-4bbba
1444551 (base 11) to base 15
33ed94
What is b4c87 (base 14) in base 13?
123603
Convert 100010000010011010100111 (base 2) to base 12.
2ba379b
What is -446278 (base 9) in base 2?
-1000001001100100111
-12223121000 (base 4) to base 12
-7050a8
2232330 (base 4) to base 9
16320
Convert -20202012011 (base 3) to base 10.
-132817
Convert 253027 (base 11) to base 7.
3252140
What is -2616c9 (base 13) in base 8?
-3377520
Convert -3741 (base 8) to base 15.
-8e7
What is -110010000110001000100 (base 2) in base 8?
-6206104
-545325 (base 7) to base 5
-11024040
What is 12200032 (base 6) in base 16?
5eed4
-184c579 (base 13) to base 12
-27aa1aa
-131140103 (base 5) to base 16
-9dc86
What is -914559 (base 14) in base 15?
-66922c
What is 2235113 (base 6) in base 12?
55a99
What is -1158680 (base 9) in base 4?
-2121232311
What is 10101110110100010001 (base 2) in base 3?
1100101020100
-452a05 (base 11) to base 4
-2300012012
Convert -11011101010010000100 (base 2) to base 9.
-1631270
6899007 (base 10) to base 6
403511503
Convert 388760 (base 15) to base 14.
508394
1155225323 (base 6) to base 11
7629933
Convert 34642362 (base 7) to base 16.
2e9404
-2c7b7 (base 13) to base 9
-138313
25bc8 (base 14) to base 15
1c7c4
57eb (base 15) to base 8
44357
What is -100001010101100001100100 (base 2) in base 10?
-8738916
-434200422 (base 5) to base 14
-367d0d
-11825 (base 11) to base 8
-41107
Convert 360513 (base 7) to base 8.
177072
-114427 (base 8) to base 6
-501235
Convert 32a660 (base 11) to base 6.
15141401
-425033145 (base 6) to base 5
-3411004332
-13873756 (base 9) to base 12
-2388180
What is 11959 (base 12) in base 11?
169a3
312202100 (base 4) to base 9
370365
-1103131213 (base 4) to base 6
-11154411
-1850901 (base 10) to base 5
-433212101
1183008 (base 9) to base 4
2131200311
What is 7ea03b (base 16) in base 11?
4758911
Convert -4ce3b2 (base 16) to base 6.
-300000454
Convert -1011101001010111100111 (base 2) to base 6.
-145234223
Convert -13189 (base 12) to base 8.
-63071
Convert -2133423042 (base 5) to base 15.
-60aa17
What is 1a5b59 (base 13) in base 16?
a387d
-9ca44e (base 15) to base 9
-15054862
What is -4561021 (base 8) in base 16?
-12e211
Convert -15907c (base 16) to base 15.
-1cdb14
Convert -2242138 (base 10) to base 8.
-10433132
What is -233882 (base 11) in base 15?
-74e36
14a298 (base 12) to base 13
c30a7
What is -225240 (base 10) in base 5?
-24201430
e75a9e (base 15) to base 16
a7ebe3
11470710 (base 8) to base 5
1121110441
1111110011010110 (base 2) to base 3
10021210021
What is 421243 (base 14) in base 12?
8b7337
What is -17b121 (base 13) in base 9?
-1106878
Convert 179d25 (base 16) to base 4.
11321310211
What is -124015 (base 7) in base 3?
-1011112121
23300100102 (base 4) to base 7
35122122
Convert 213030031 (base 4) to base 6.
3235101
What is 124304100 (base 6) in base 11?
1423a82
2bcac (base 15) to base 13
4c395
What is -7d21 (base 14) in base 2?
-101010100011001
-1a6548 (base 11) to base 5
-40103404
1111110100010100 (base 2) to base 8
176424
What is 27b47 (base 14) in base 13?
35955
What is -1003120423 (base 6) in base 8?
-47010737
334778 (base 9) to base 7
1463132
204a101 (base 12) to base 5
3023303322
What is -79e614 (base 16) in base 10?
-7988756
Convert -665573 (base 11) to base 9.
-1887075
What is 32210351 (base 6) in base 15?
13b7a7
What is 4412210231 (base 5) in base 12?
32187b0
What is 1c5ba8 (base 16) in base 8?
7055650
1a410c3 (base 13) to base 15
b5ec94
Convert -110101000010000010010 (base 2) to base 9.
-3237658
What is 4a3278 (base 12) in base 3?
2021101102002
What is 18a11 (base 13) in base 7?
256323
4312241 (base 5) to base 4
101301311
Convert -11aace4 (base 15) to base 6.
-1132015254
What is -7610886 (base 10) in base 7?
-121456113
What is -79b61 (base 12) in base 9?
-266641
What is -1150ba (base 14) in base 2?
-10010000000100101100
Convert dcdc5 (base 16) to base 8.
3346705
Convert b866a (base 12) to base 7.
2031031
Convert -6bd8c4 (base 16) to base 15.
-949299
-3917361 (base 11) to base 9
-13686101
Convert -4ab05 (base 13) to base 4.
-201231132
Convert -160136100 (base 7) to base 14.
-15d5200
What is 1132013213 (base 4) in base 12?
16711b
What is 1252836 (base 9) in base 16?
a71c3
What is -3213221011 (base 4) in base 13?
-272b30
Convert 13c53a (base 14) to base 6.
22420412
e9644 (base 15) to base 11
466418
20011100222 (base 3) to base 9
204328
What is ec3ce (base 16) in base 9?
1734304
Convert 1e91c (base 15) to base 12.
499b3
Convert 1a923 (base 15) to base 2.
10101000110100001
-2354323 (base 7) to base 4
-1021003330
What is 1257044 (base 8) in base 11?
220330
1002220220222211 (base 3) to base 7
252111454
246a16 (base 14) to base 8
4605014
What is -10211220021 (base 4) in base 9?
-2232710
11c2d6 (base 14) to base 13
1846c9
What is 18474c (base 13) in base 2?
10010100111000011000
-10010112101 (base 3) to base 13
-22084
Convert 23aa3 (base 12) to base 5.
3020334
What is -14076 (base 11) in base 16?
-4e50
Convert 1000010111011011101001 (base 2) to base 4.
20113123221
Convert -516811 (base 10) to base 8.
-1761